
Calculate the greatest common divisor of 213257 and 99.
11
What is the greatest common factor of 156992 and 5632?
704
Calculate the highest common divisor of 62 and 5806548.
62
Calculate the greatest common divisor of 5842 and 24702.
46
What is the greatest common divisor of 126192 and 384?
48
Calculate the highest common factor of 949191 and 1476.
123
Calculate the highest common factor of 2728 and 220.
44
What is the highest common factor of 56100 and 264?
132
Calculate the highest common factor of 68268 and 24.
12
Calculate the greatest common factor of 1044 and 2340.
36
What is the highest common factor of 915 and 65697?
183
What is the highest common divisor of 3354 and 1153518?
258
What is the greatest common factor of 14645 and 17675?
505
Calculate the highest common factor of 84 and 13641.
3
Calculate the highest common factor of 30383 and 115.
23
What is the greatest common divisor of 5937 and 15?
3
Calculate the highest common factor of 32520 and 21480.
120
What is the highest common factor of 78 and 159?
3
What is the highest common factor of 256 and 21168?
16
What is the highest common factor of 378 and 2214?
54
Calculate the greatest common factor of 1410 and 8037.
141
What is the greatest common divisor of 9 and 28371?
3
Calculate the highest common factor of 30300 and 2828.
404
What is the greatest common divisor of 48632 and 16?
8
Calculate the highest common divisor of 1460 and 15970.
10
Calculate the highest common factor of 116 and 556.
4
What is the greatest common factor of 11036 and 496?
124
What is the highest common factor of 3182 and 21682?
74
What is the greatest common factor of 212936 and 344?
344
Calculate the greatest common divisor of 435 and 1068.
3
Calculate the greatest common divisor of 45 and 394245.
45
Calculate the greatest common factor of 25443 and 63.
9
Calculate the greatest common factor of 315 and 39795.
105
What is the highest common divisor of 134496 and 6071?
467
What is the highest common factor of 3765 and 502?
251
What is the highest common factor of 360 and 62010?
90
Calculate the highest common divisor of 21 and 1064553.
21
Calculate the highest common factor of 168566 and 5963.
89
Calculate the highest common factor of 5672 and 736.
8
Calculate the highest common divisor of 85650 and 975.
75
What is the highest common divisor of 789 and 295349?
263
Calculate the highest common divisor of 10152 and 3051.
27
What is the highest common divisor of 36837 and 135?
9
What is the highest common factor of 155688 and 96?
24
What is the greatest common divisor of 13 and 27443?
13
Calculate the highest common factor of 296250 and 2000.
250
What is the greatest common divisor of 1495 and 624?
13
What is the greatest common divisor of 381692 and 111?
37
Calculate the greatest common factor of 20711 and 596.
149
Calculate the highest common divisor of 43 and 237446.
43
What is the highest common divisor of 11297 and 1106?
79
What is the highest common factor of 394200 and 810?
270
Calculate the greatest common divisor of 21268 and 17628.
52
Calculate the highest common factor of 3102 and 212064.
282
What is the highest common factor of 66963 and 7072?
221
Calculate the highest common factor of 15 and 121371.
3
Calculate the greatest common factor of 3515 and 1843.
19
Calculate the highest common factor of 4743 and 465.
93
What is the greatest common factor of 296 and 69079?
37
Calculate the highest common divisor of 29923 and 161.
23
Calculate the greatest common divisor of 3681 and 338243.
409
What is the greatest common divisor of 16264 and 5358?
38
Calculate the highest common divisor of 7 and 554813.
7
What is the highest common divisor of 205679 and 267?
89
Calculate the greatest common divisor of 17612 and 54026.
238
What is the highest common factor of 192 and 283512?
24
What is the greatest common divisor of 105 and 544950?
105
What is the highest common divisor of 209395 and 5?
5
What is the greatest common factor of 843 and 562?
281
What is the highest common factor of 446 and 294137?
223
Calculate the greatest common factor of 410 and 762395.
205
Calculate the greatest common factor of 1605288 and 422.
422
Calculate the greatest common divisor of 1176 and 45192.
168
Calculate the greatest common divisor of 6440 and 20440.
280
Calculate the greatest common divisor of 213 and 110547.
213
What is the greatest common divisor of 3536 and 94146?
442
What is the highest common divisor of 46 and 4043?
1
Calculate the greatest common divisor of 72 and 1456956.
36
What is the greatest common factor of 6574245 and 1065?
1065
Calculate the greatest common divisor of 3168 and 594.
198
Calculate the highest common divisor of 107502 and 19.
19
What is the highest common factor of 71505 and 45?
45
Calculate the highest common divisor of 27336 and 60792.
408
Calculate the highest common divisor of 658923 and 2868.
717
What is the greatest common factor of 1011 and 1335194?
337
What is the highest common factor of 1550056 and 16?
8
Calculate the highest common divisor of 573875 and 125.
125
Calculate the highest common divisor of 733599 and 63.
9
Calculate the greatest common factor of 126 and 2408.
14
Calculate the greatest common divisor of 107613 and 198.
99
What is the greatest common factor of 5 and 85915?
5
Calculate the highest common divisor of 455952 and 1904.
112
Calculate the greatest common factor of 1540 and 128282.
154
What is the highest common factor of 29546 and 19822?
374
Calculate the greatest common divisor of 15 and 1581015.
15
What is the highest common factor of 989009 and 119?
119
What is the highest common factor of 276848 and 208?
208
Calculate the greatest common factor of 7790 and 425170.
410
Calculate the highest common divisor of 940 and 15290.
10
What is the highest common factor of 135 and 93105?
45
Calculate the greatest common divisor of 46713 and 3.
3
Calculate the greatest common divisor of 20038 and 7922.
466
Calculate the highest common factor of 2252544 and 672.
672
What is the greatest common divisor of 25556 and 8?
4
Calculate the highest common factor of 564 and 1317786.
282
What is the highest common divisor of 24 and 32168?
8
What is the greatest common factor of 69917 and 139?
139
What is the highest common factor of 9 and 37159?
1
Calculate the greatest common factor of 897 and 10218.
39
Calculate the highest common divisor of 12880 and 258405.
805
Calculate the highest common divisor of 2965994 and 596.
298
What is the highest common factor of 772560 and 13680?
720
What is the highest common divisor of 7 and 62?
1
What is the highest common divisor of 963 and 3820328?
107
What is the highest common factor of 1656306 and 4008?
1002
What is the greatest common divisor of 230 and 11086?
46
Calculate the greatest common factor of 675 and 2235.
15
Calculate the highest common divisor of 1424782 and 3470.
694
What is the greatest common factor of 174189 and 31?
31
What is the highest common divisor of 2322 and 60?
6
What is the highest common divisor of 9 and 38?
1
Calculate the highest common factor of 39 and 1455883.
13
What is the highest common factor of 58 and 1038374?
58
What is the greatest common factor of 7485589 and 1354?
677
What is the greatest common factor of 492138 and 5130?
342
What is the greatest common factor of 686 and 3556?
14
What is the greatest common divisor of 122055 and 6695?
515
What is the greatest common factor of 1335851 and 33?
11
What is the highest common factor of 4077 and 135?
27
Calculate the highest common divisor of 84 and 3642.
6
What is the greatest common divisor of 1638 and 3186?
18
Calculate the highest common divisor of 324 and 2836.
4
Calculate the highest common factor of 265601 and 12236.
133
Calculate the highest common divisor of 130840 and 16.
8
Calculate the highest common factor of 6 and 783120.
6
Calculate the greatest common divisor of 67 and 728558.
67
Calculate the highest common divisor of 69 and 180297.
69
What is the highest common factor of 10846 and 45298?
638
Calculate the greatest common divisor of 140292 and 27.
27
What is the highest common divisor of 15367 and 33?
11
Calculate the highest common divisor of 136 and 824279.
17
Calculate the highest common divisor of 1517320 and 560.
280
What is the high